and 21952?
49
Calculate the greatest common factor of 26 and 962.
26
What is the greatest common divisor of 168 and 384?
24
What is the highest common divisor of 48 and 3684?
12
Calculate the greatest common divisor of 115 and 280.
5
What is the greatest common factor of 3219 and 87?
87
Calculate the highest common divisor of 440 and 11.
11
Calculate the greatest common divisor of 266 and 76.
38
Calculate the highest common divisor of 940 and 40.
20
Calculate the highest common factor of 48 and 348.
12
Calculate the greatest common factor of 70 and 672.
14
What is the highest common factor of 22 and 1111?
11
Calculate the greatest common divisor of 22 and 198.
22
Calculate the greatest common divisor of 15282 and 108.
54
What is the greatest common factor of 4061 and 917?
131
What is the greatest common divisor of 6 and 178?
2
What is the highest common divisor of 60 and 18168?
12
What is the highest common divisor of 38 and 4617?
19
Calculate the highest common divisor of 316 and 4.
4
Calculate the highest common factor of 522 and 290.
58
Calculate the greatest common factor of 288 and 30.
6
Calculate the highest common factor of 2025 and 12.
3
What is the highest common divisor of 48 and 3?
3
Calculate the highest common factor of 3 and 267.
3
What is the highest common factor of 841 and 1189?
29
What is the highest common factor of 180 and 45?
45
What is the greatest common divisor of 1110 and 660?
30
What is the highest common divisor of 8 and 14?
2
Calculate the highest common divisor of 133 and 38.
19
Calculate the greatest common divisor of 27 and 12.
3
What is the greatest common factor of 23 and 9913?
23
Calculate the greatest common factor of 10 and 1718.
2
What is the highest common factor of 60 and 21405?
15
Calculate the highest common factor of 11 and 869.
11
Calculate the highest common factor of 9 and 17973.
9
What is the greatest common factor of 74 and 94?
2
Calculate the highest common divisor of 77 and 693.
77
What is the highest common divisor of 1474 and 154?
22
Calculate the highest common divisor of 284 and 4757.
71
Calculate the greatest common divisor of 217 and 77.
7
Calculate the highest common factor of 10 and 11510.
10
Calculate the highest common divisor of 707 and 1616.
101
Calculate the greatest common divisor of 4 and 1684.
4
Calculate the highest common divisor of 222 and 1887.
111
Calculate the highest common divisor of 76 and 57.
19
Calculate the greatest common divisor of 17 and 4709.
17
Calculate the greatest common factor of 28 and 77.
7
What is the greatest common factor of 140 and 434?
14
What is the highest common divisor of 2223 and 1539?
171
Calculate the greatest common factor of 1428 and 63.
21
Calculate the highest common factor of 532 and 364.
28
Calculate the greatest common factor of 1034 and 235.
47
What is the greatest common divisor of 22 and 22?
22
What is the greatest common factor of 5092 and 152?
76
Calculate the greatest common divisor of 168 and 48.
24
Calculate the highest common factor of 5540 and 580.
20
Calculate the greatest common factor of 144 and 27.
9
Calculate the highest common divisor of 1736 and 14.
14
Calculate the greatest common divisor of 2675 and 321.
107
Calculate the highest common divisor of 4420 and 68.
68
What is the highest common divisor of 59 and 118?
59
Calculate the greatest common factor of 5432 and 40.
8
What is the greatest common divisor of 378 and 6318?
54
Calculate the highest common divisor of 231 and 8250.
33
Calculate the highest common divisor of 252 and 48.
12
Calculate the highest common divisor of 555 and 285.
15
Calculate the highest common divisor of 27 and 108.
27
Calculate the highest common factor of 988 and 65.
13
Calculate the greatest common factor of 135 and 450.
45
What is the greatest common divisor of 16 and 2512?
16
What is the greatest common factor of 2828 and 2525?
101
What is the highest common factor of 490 and 140?
70
Calculate the highest common factor of 486 and 1026.
54
What is the greatest common factor of 130 and 250?
10
What is the greatest common divisor of 4256 and 21?
7
Calculate the greatest common divisor of 27 and 1674.
27
Calculate the greatest common divisor of 585 and 65.
65
What is the highest common divisor of 273 and 117?
39
What is the highest common factor of 19 and 9728?
19
What is the highest common divisor of 1725 and 69?
69
Calculate the greatest common divisor of 1 and 27.
1
What is the highest common factor of 3263 and 753?
251
What is the greatest common divisor of 2624 and 1216?
64
What is the greatest common divisor of 93 and 5487?
93
What is the greatest common factor of 15 and 465?
15
What is the highest common factor of 40 and 3200?
40
What is the greatest common factor of 55 and 33?
11
Calculate the greatest common divisor of 6433 and 42.
7
Calculate the highest common factor of 5120 and 80.
80
Calculate the greatest common divisor of 117 and 171.
9
Calculate the highest common factor of 14 and 98.
14
What is the highest common divisor of 38 and 3?
1
Calculate the greatest common divisor of 171 and 1767.
57
Calculate the greatest common factor of 83 and 1.
1
Calculate the highest common divisor of 30 and 390.
30
Calculate the greatest common factor of 52 and 356.
4
Calculate the greatest common divisor of 186 and 98.
2
Calculate the highest common divisor of 136 and 17.
17
What is the greatest common factor of 4332 and 2052?
228
Calculate the highest common factor of 60 and 1380.
60
Calculate the highest common factor of 6358 and 1870.
374
Calculate the greatest common divisor of 5 and 1.
1
What is the greatest common divisor of 168 and 96?
24
Calculate the highest common factor of 90 and 1125.
45
Calculate the highest common factor of 434 and 308.
14
Calculate the highest common divisor of 28 and 37702.
14
What is the greatest common factor of 12 and 6?
6
What is the highest common factor of 340 and 136?
68
Calculate the greatest common divisor of 51 and 3417.
51
What is the greatest common divisor of 7 and 301?
7
Calculate the highest common divisor of 41 and 27.
1
Calculate the highest common factor of 1491 and 399.
21
Calculate the highest common divisor of 105 and 255.
15
What is the greatest common divisor of 90 and 2070?
90
Calculate the highest common divisor of 645 and 255.
15
Calculate the highest common divisor of 175 and 77.
7
Calculate the highest common divisor of 65 and 1495.
65
Calculate the highest common divisor of 5291 and 44.
11
Calculate the highest common divisor of 1843 and 1672.
19
What is the highest common factor of 3886 and 268?
134
What is the highest common divisor of 299 and 46?
23
What is the greatest common factor of 38 and 551?
19
What is the highest common divisor of 112 and 315?
7
Calculate the greatest common divisor of 204 and 136.
68
What is the highest common factor of 1704 and 426?
426
What is the highest common divisor of 66 and 59862?
66
What is the highest common divisor of 152 and 1102?
38
What is the greatest common factor of 20 and 28?
4
What is the greatest common divisor of 4802 and 42?
14
What is the greatest common factor of 1284 and 12?
12
What is the greatest common divisor of 4089 and 87?
87
Calculate the greatest common divisor of 752 and 60.
4
What is the greatest common divisor of 185 and 25345?
185
Calculate the highest common factor of 27 and 5.
1
Calculate the highest common divisor of 40 and 180.
20
Calculate the greatest common divisor of 4 and 110.
2
What is the greatest common divisor of 1683 and 198?
99
What is the highest common factor of 17 and 5389?
17
What is the greatest common factor of 1121 and 59?
59
Calculate the highest common divisor of 141 and 188.
47
Calculate the greatest common divisor of 48 and 27.
3
Calculate the greatest common divisor of 5145 and 75.
15
What is the highest common factor of 20 and 480?
20
Calculate the greatest common divisor of 174 and 261.
87
Calculate the highest common divisor of 56 and 376.
8
Calculate the highest common factor of 95 and 5.
5
What is the highest common factor of 748 and 33?
11
What is the greatest common divisor of 201 and 4891?
67
Calculate the highest common divisor of 312 and 15.
3
What is the greatest common factor of 24 and 744?
24
Calculate the greatest common fac